= 88 - 156. Let n = z + 152. What is the units digit of (-4)/(-36)*6*n?
6
Suppose -2*g = -5*u + 382730, 0 = -5*u - 2*g + 247758 + 134992. What is the thousands digit of u?
6
Let l = 28042 + -13405. What is the thousands digit of l?
4
What is the thousands digit of (2 - -1) + 39/(-13) - -6341?
6
Let b be 68/34 + (-436)/(-2). Let t = b - -80. What is the units digit of t?
0
Let t(h) = -h + 1. Let j(l) = -3. Let x(m) = -3*j(m) - 6*t(m). Let n be x(8). Let g = n + -17. What is the tens digit of g?
3
Let t(g) = 12*g + 73. Suppose 0 = -2*w + 6*w + q - 119, 5*w = -3*q + 140. What is the hundreds digit of t(w)?
4
Suppose 0 = -3*h + o + 34242, 4*h - 20*o - 45640 = -16*o. What is the tens digit of h?
1
Let z(f) = f**2 - 108 + 32*f - 3*f**2 + 0*f**2 + 115. Let h be z(15). What is the tens digit of h + (-1 + 0)*3?
3
Suppose -y - 611 = -4*s, -3*s + 8*s - 755 = 3*y. Let o = 648 + s. Suppose 0 = 7*n + 242 - o. What is the tens digit of n?
8
What is the units digit of (11 - (19 + 15)) + 7933?
0
Let m be (-828)/14*(210/9)/(-1). Suppose 4*q - 136 - m = 0. What is the tens digit of q?
7
Let t be 202 - (-5 + 2*(1 - 0)). Let b(a) = -6*a**2 - 11*a - 7. Let s be b(-5). Let v = s + t. What is the units digit of v?
3
Let t(d) = 43*d**2 + 69*d + 21. What is the tens digit of t(-14)?
8
Let z be ((0 - 25)*1)/((-43)/86). What is the hundreds digit of (-2 - 54/(-4))*(z - -18)?
7
Let j = 26163 + -9424. What is the units digit of j?
9
Let b = 13576 - 3169. What is the thousands digit of b?
0
Let d = 1 - -39. Suppose d = 5*r - 50. What is the tens digit of (-206)/(-6) + 12/r?
3
Suppose 3*v + 195 = 240. What is the hundreds digit of 610 - 1/3*(v - 3)?
6
Let k(f) = -f**3 + 3*f**2 - f + 8. Let v be k(4). Let o(y) = 6*y**2 + 17*y - 9. What is the tens digit of o(v)?
5
Suppose -54961 = -10*u + 42289. What is the units digit of u?
5
Let o(m) = m**3 + 3*m**2 + m + 9. Let l be 7/(-2)*(-256)/224. What is the units digit of o(l)?
5
Suppose -21154 = -5*p + 3056 - 3625. What is the tens digit of p?
1
Suppose 8 - 18 = -d. Suppose 51 = d*i - 29. Suppose 3*h - 165 = -3*x, x - 27 - i = 3*h. What is the tens digit of x?
5
Let d = -22 + 42. Suppose -5*o + d = 0, -5*o + 1375 = 3*i - 4*o. Suppose -345 = -3*j + 3*m, 3*j - 7*j + m + i = 0. What is the units digit of j?
4
Let l be 6*(15/6 - 2). Suppose -518 = -t - 5*m + m, -3*t + l*m = -1629. Suppose -4*u = -2*r - t, -4*u - 2*r = r - 533. What is the units digit of u?
4
Let i be ((-55)/33 - (-1)/(-3)) + 2. Let a be 6*(1 - -2)/6. Suppose 0 = a*f - 3*d - 75, 93 = 5*f + 3*d - i*d. What is the tens digit of f?
2
Let g(r) = 100*r**2 + 6*r - 3. Let w(k) = 2*k**3 + 7*k**2 - 5*k - 3. Let x be w(-4). What is the hundreds digit of g(x)?
1
Let z = 486 - 481. Suppose -5*j = -3*f + 2*f + 83, -3*f = z*j - 249. What is the tens digit of f?
8
Let j = 112 - 78. Let t = j + 116. What is the tens digit of (-3)/(-18)*3*t?
7
Let c = 2976 - -1527. What is the units digit of c?
3
Let d = -606 + 866. Let b = 320 - d. What is the units digit of b?
0
Let a(u) = -u. Let s(m) = -m**2 + m - 27. Let q(b) = b**2 + 3*b. Let r be q(-2). Let d(g) = r*a(g) - s(g). What is the tens digit of d(9)?
1
Let h be 9/12 - (258321/28)/(-3). Suppose -8*l + h + 948 = 0. What is the units digit of l?
3
Suppose 3*y - 3*c - 48528 = 0, -889*y + 892*y + 4*c - 48528 = 0. What is the hundreds digit of y?
1
Let z be (4052/(-10))/(-3 + 16/5). Let w = -1192 - z. What is the units digit of w?
4
Let j(h) = 133*h + 45. Let s(k) = k - 2. Let f(g) = -j(g) + 2*s(g). What is the hundreds digit of f(-8)?
9
Let v be 1120/24 - 2/(-6). Let s = 47 - v. Suppose -74 = -z - s*z. What is the tens digit of z?
7
Suppose 2*r = -t + 539, 11 = 2*t + 1. Suppose -1020*f = -1009*f - 22. Suppose 5*y = f*y + r. What is the units digit of y?
9
Let t be (-8)/(-76) - (2 + 1366/(-19)). What is the units digit of t*1/6*6?
0
What is the units digit of 3 - (((-2120)/(-6))/(1/(-18)) + 3)?
0
Suppose -24*q - 6*q + 570368 = -14*q. What is the hundreds digit of q?
6
Let x = -608 - 89. Let u = 1146 - x. What is the hundreds digit of u?
8
Suppose 2*r - 239 = -5*i, -r + 5*r + 4*i = 460. Suppose 2*m - f - 103 = -20, 0 = 3*m + f - r. What is the units digit of (-1*3)/(m/(-260))?
0
Let c = -358 - -363. Suppose 261 = y - c. What is the tens digit of y?
6
Suppose -31*k = -20*k - 3355. Let n = 204 + k. What is the tens digit of n?
0
Let z be 34/9 - 6/(-27). Suppose h = z, 2*h - 237 = 2*o - 1013. What is the units digit of o?
2
Suppose -56 = -33*i + 19*i. Suppose -4*w - 657 = -5*u - 7*w, -i*u + 531 = -3*w. What is the tens digit of u?
3
Suppose 21*q = 24*q. Suppose -l + r = 2*r + 16, -4*r = 3*l + 47. What is the tens digit of -14*l/2 + q + 0?
1
Let s be -1 - (35/(-7) + 9). What is the hundreds digit of 888 + (2 - 2) + s?
8
Suppose -16*t + 283 + 133 = 0. Suppose 0 = 5*u + v - 7288, t*v - 30*v = 8. What is the hundreds digit of u?
4
Suppose 3*r = 26 - 8. Suppose 0 = a + r. What is the units digit of 32/a*(-27)/6?
4
Let n(d) = 6*d**3 + 12*d**2 - 6*d - 4. Let p be n(-2). Suppose p*k - 3635 = 1429. What is the tens digit of k?
3
Let h be (45/20)/((-3)/8). What is the tens digit of 16 + (2/(-10))/(h/(-30))?
1
Suppose 83 = 2*x + 3*o, 8*x - 7*x - 2*o = 24. Suppose -8880 = 19*l - x*l. What is the units digit of l?
2
Let t = 48 - 42. Suppose -14 = t*y - 8. What is the hundreds digit of (y - 443)/(-4) - 1?
1
What is the units digit of ((-273)/(-15) + -1)/((-40)/(-68800))?
4
Let z = 1 - -20. Let r = 2171 + -2172. What is the tens digit of z + (2 - 2)*1/r?
2
Let b = 514 - 1216. Let h = b - -1108. What is the hundreds digit of h?
4
Let p(w) = 32*w**2 - 8*w - 6. What is the thousands digit of p(11)?
3
Let u(k) = 9597*k - 1735. What is the tens digit of u(5)?
5
Let w be ((-29)/(-3))/(12/(-72)). Let j = 363 + w. What is the tens digit of j?
0
Suppose 3*f = i - 588, 570 = i + f - 34. Let v = i + -33. Suppose 34*x - v = 13*x. What is the units digit of x?
7
Let p = 18 + -66. Let r = 248 + -149. Let s = r + p. What is the units digit of s?
1
Let y = -40 + 40. Let g(u) = u**3 + u**2 - u - 73. Let h be g(y). Let z = 12 - h. What is the tens digit of z?
8
Suppose 18*k - 13*k = 7125. Let h = -782 + k. What is the units digit of h?
3
Let c = 81382 - 19060. What is the units digit of c?
2
Let q(y) = 4*y**2 - 50*y + 1555. What is the hundreds digit of q(-63)?
5
Suppose 0*p - 3*p = -23952. Suppose -9*x = -233 - p. Suppose x = -7*t + 2180. What is the tens digit of t?
8
Let b(z) = -z**3 - z**2 + z + 7. Let x be b(0). Let n(d) = -2 - d**3 + 7*d**2 + 10*d - 24*d + 16*d + 7*d. What is the tens digit of n(x)?
6
Suppose 7*q - 23 + 9 = 0. Let k(w) = 2*w**q + 104 - 13*w**2 - 97 + w**3 - 12*w. What is the units digit of k(12)?
7
Let j = 125 + -123. Suppose 0 = -j*i - 0 + 10. Suppose -2*k = o - 140, 3*o = -o - i*k + 557. What is the units digit of o?
8
Suppose 2*y + 2 = -3*y + 3*m, -4*y + m = -4. Suppose -4 = -y*u - 0. Let g(b) = 5*b**2 - 5*b + 7. What is the tens digit of g(u)?
1
Let x be (0/((-6)/(1 + 2)))/(-1). Suppose x = m - 0*m - 359. What is the tens digit of m?
5
Let a(i) = i**3 + 33*i**2 - 63*i - 39. What is the tens digit of a(-34)?
4
Suppose -32 - 52 = -4*v + 4*q, -v = 5*q + 3. Suppose 5*p = 27 - v. Suppose p*u = -10, 5*k = -u - 3*u + 165. What is the tens digit of k?
3
What is the thousands digit of (-1)/(6/1727244*-6)?
7
Suppose -u - 4 = -3*t, -2*t = -7*t + u + 10. Suppose 0*j + 38 = 3*v + 5*j, -t*j - 52 = -5*v. What is the units digit of v?
1
Suppose 8*a - 2*a - 54 = 0. Suppose 2*f = -6, -3*z - 3*f = -z + a. Suppose -4*g = 2*s - z - 278, -s + 3 = 0. What is the units digit of g?
8
Suppose -31*i + 4 = -32*i. Let u(s) = 101*s**2 - 27*s - 123. What is the units digit of u(i)?
1
What is the ten thousands digit of -11 + -10 + 20 + (-10)/(-2) + 91579?
9
Suppose -10*y + 4*y + 18 = 0. Let d be y/(-2)*12/(-9). Suppose 0 = -z + 18 + d. What is the tens digit of z?
2
Let n be (-30)/18 + (-206296)/(-24). Suppose -q + n = 5*z, 7 = -2*q + 5. What is the units digit of z?
9
Suppose 18*j = 23*j - 20. What is the units digit of 1560 + -3 + 2*(3 - j)?
5
Suppose 5*n + 2*j - 21 = j, 4*n + 4*j - 4 = 0. Let i(x) = x**3 - 4*x**2 + 9*x + 2. Let s be i(n). Suppose -808 + s = -4*y. What is the units digit of y?
4
Let o = 192 - 198. Let t(r) = -2*r**3 - 16*r**2 + 4*r - 1. Let k(l) = l**2 + l - 1.